99 a multiple of 29?
True
Is 1530285 a multiple of 3?
True
Is 5 a factor of 1222844?
False
Is 123596 a multiple of 42?
False
Is 16 a factor of 154138?
False
Is 39 a factor of 662415?
True
Does 1069 divide 6734700?
True
Is 10 a factor of 620328?
False
Is 178 a factor of 662160?
True
Is 12 a factor of 561336?
True
Is 106 a factor of 2483721?
False
Is 1016462 a multiple of 4?
False
Is 230551 a multiple of 24?
False
Is 642430 a multiple of 170?
True
Is 651 a factor of 784092?
False
Does 297 divide 1132461?
True
Does 121 divide 281603?
False
Does 606 divide 1038175?
False
Does 14 divide 232216?
False
Is 230 a factor of 79810?
True
Is 11216736 a multiple of 816?
True
Does 30 divide 115483?
False
Does 28 divide 1361203?
False
Is 11 a factor of 94855?
False
Is 2444692 a multiple of 38?
True
Is 35945 a multiple of 9?
False
Does 15 divide 2097555?
True
Does 15 divide 669825?
True
Is 4 a factor of 468840?
True
Is 91375 a multiple of 425?
True
Is 230265 a multiple of 45?
True
Does 37 divide 2062973?
False
Does 19 divide 40949?
False
Does 7 divide 63826?
True
Is 519 a factor of 528861?
True
Does 91 divide 18944744?
True
Does 520 divide 3217325?
False
Is 251602 a multiple of 17?
False
Is 82966 a multiple of 38?
False
Is 269 a factor of 3410409?
False
Is 178 a factor of 12508674?
False
Is 236259 a multiple of 268?
False
Does 280 divide 7376294?
False
Is 85480 a multiple of 45?
False
Is 54348 a multiple of 42?
True
Is 863557 a multiple of 22?
False
Does 36 divide 109980?
True
Is 5576816 a multiple of 493?
True
Is 83271 a multiple of 10?
False
Does 16 divide 4144?
True
Is 12 a factor of 524413?
False
Is 98 a factor of 3164742?
False
Is 214 a factor of 51810?
False
Does 25 divide 526048?
False
Does 182 divide 284277?
False
Does 110 divide 2786378?
False
Does 18 divide 145583?
False
Does 42 divide 319891?
False
Is 55 a factor of 891605?
True
Does 8 divide 32599?
False
Is 5 a factor of 156679?
False
Is 132 a factor of 11083234?
False
Does 489 divide 219072?
True
Does 21 divide 182099?
False
Is 17 a factor of 153833?
True
Is 419615 a multiple of 239?
False
Is 12 a factor of 1637652?
True
Is 395016 a multiple of 12?
True
Is 11974400 a multiple of 200?
True
Is 14 a factor of 177925?
False
Is 20 a factor of 12265920?
True
Is 1259 a factor of 4997129?
False
Is 4 a factor of 3046652?
True
Is 18 a factor of 9906426?
True
Is 672975 a multiple of 675?
True
Is 5491878 a multiple of 1603?
True
Is 145 a factor of 223646?
False
Does 296 divide 173160?
True
Is 5 a factor of 167537?
False
Does 81 divide 770193?
False
Is 73 a factor of 37084?
True
Is 52920 a multiple of 42?
True
Does 16 divide 3592432?
True
Is 53136 a multiple of 108?
True
Is 365217 a multiple of 69?
True
Is 15 a factor of 60424?
False
Is 1682 a factor of 10729692?
False
Is 249132 a multiple of 148?
False
Does 4 divide 42460?
True
Does 4 divide 1017978?
False
Does 14 divide 550789?
False
Is 206 a factor of 12590308?
True
Is 79 a factor of 418493?
False
Does 82 divide 1250336?
True
Is 464057 a multiple of 73?
False
Is 202 a factor of 3255634?
True
Is 12 a factor of 473436?
True
Is 2215112 a multiple of 190?
False
Is 10 a factor of 988820?
True
Is 8 a factor of 222904?
True
Is 78400 a multiple of 64?
True
Does 305 divide 663948?
False
Does 17 divide 1724990?
True
Is 9869 even?
False
Does 17 divide 5543975?
False
Is 12264891 a multiple of 36?
False
Does 519 divide 8941883?
False
Does 25 divide 2358525?
True
Is 16 a factor of 977744?
True
Is 45 a factor of 4728555?
True
Is 26241 a multiple of 3?
True
Is 677 a factor of 2405479?
False
Does 21 divide 1221683?
False
Is 39 a factor of 16162?
False
Is 2103213 a multiple of 6?
False
Is 76344 a multiple of 13?
False
Does 121 divide 17061?
True
Is 11 a factor of 167993?
False
Is 101169 a multiple of 5?
False
Is 228 a factor of 206315?
False
Is 16 a factor of 10182192?
True
Is 10 a factor of 2287770?
True
Is 9 a factor of 113517?
True
Is 57 a factor of 58412?
False
Is 328 a factor of 199893?
False
Is 1368891 a multiple of 9?
True
Is 10 a factor of 579757?
False
Does 49 divide 109025?
True
Does 320 divide 3490880?
True
Is 7999925 a multiple of 355?
True
Is 32419 a multiple of 61?
False
Is 535 a factor of 3273130?
True
Does 170 divide 88910?
True
Is 122 a factor of 414312?
True
Is 16 a factor of 5456321?
False
Is 14756 a multiple of 124?
True
Is 66165 a multiple of 5?
True
Does 18 divide 1237815?
False
Is 6 a factor of 41808?
True
Is 206280 even?
True
Is 194 a factor of 47918?
True
Is 4 a factor of 295748?
True
Is 97 a factor of 268690?
True
Does 30 divide 125461?
False
Is 328320 a multiple of 342?
True
Is 120417 a multiple of 17?
False
Is 44 a factor of 1649557?
False
Is 209 a factor of 17540?
False
Does 15 divide 467987?
False
Is 27 a factor of 1379808?
True
Is 470657 a multiple of 11?
True
Is 1459909 a multiple of 37?
True
Is 2575182 a multiple of 78?
False
Is 110112 a multiple of 200?
False
Is 66 a factor of 4721112?
True
Is 224665 a multiple of 49?
True
Is 1073520 a multiple of 35?
True
Does 10 divide 131370?
True
Does 233 divide 861867?
True
Does 95 divide 44356?
False
Is 703561 a multiple of 106?
False
Does 85 divide 198342?
False
Does 18 divide 2397806?
False
Does 400 divide 1603200?
True
Is 266407 a multiple of 17?
True
Does 247 divide 3667131?
False
Does 11 divide 66984?
False
Does 8 divide 47828?
False
Does 9 divide 1930282?
False
Is 107 a factor of 48241?
False
Is 3479978 a multiple of 37?
False
Is 4041154 a multiple of 1060?
False
Is 59 a factor of 502662?
False
Is 2771342 even?
True
Is 814 a factor of 2307690?
True
Does 54 divide 1808485?
False
Does 2 divide 970?
True
Is 508768 a multiple of 17?
False
Is 5768412 a multiple of 718?
True
Is 3362080 a multiple of 5?
True
Is 391 a factor of 2046727?
False
Is 187 a factor of 133892?
True
Does 56 divide 407414?
False
Is 14 a factor of 2177056?
True
Is 3021408 a multiple of 208?
True
Is 483357 a multiple of 7?
True
Is 129 a factor of 2157396?
True
Is 35 a factor of 2800945?
True
Does 4 divide 1679796?
True
Does 42 divide 5306280?
True
Is 691030 a multiple of 240?
False
Is 7 a factor of 342769?
True
Is 9744 a multiple of 21?
True
Is 134 a factor of 425937?
False
Is 140658 a multiple of 333?
False
Does 17 divide 3681446?
False
Does 53 divide 4767575?
False
Is 4409 a multiple of 327?
False
Does 226 divide 862190?
True
Is 41 a factor of 136735?
True
Is 1783788 a multiple of 46?
True
Is 48 a factor of 16352785?
False
Is 23 a factor of 108870?
False
Does 30 divide 307032?
False
Does 44 divide 2292400?
True
Does 269 divide 321993?
True
Is 15 a factor of 1603932?
False
Is 608901 a multiple of 19?
False
Is 422 a factor of 3107598?
False
Is 3779271 a multiple of 1338?
False
Is 43 a factor of 559774?
True
Is 89435 a multiple of 175?
False
Is 58 a factor of 5184015?
False
Is 18 a factor of 48374?
False
Is 19 a factor of 12547396?
False
Does 7 divide 1524194?
True
Does 90 divide 5863192?
False
Does 60 divide 58620?
True
Does 8 divide 91165?
False
Is 15087747 a multiple of 1347?
True
Is 9 a factor of 579085?
False
Is 239568 a multiple of 434?
True
Is 102207 a multiple of 47?
False
Is 95 a factor of 11730334?
False
Does 113 divide 11164848?
False
Does 10 divide 1995320?
True
Does 7 divide 1803276?
False
Is 30 a factor of 6540?
True
Is 476100 a multiple of 90?
True
Does 130 divide 228428?
False
Is 552 a factor of 7280701?
False
Is 317 a factor of 104927?
True
Is 4020756 a multiple of 197?
False
Is 73 a factor of 10296?
False
Is 15200 a multiple of 200?
True
Does 294 divide 627775?
False
Does 15 divide 178993?
False
Does 2187 divide 15505830?
True
Is 81 a factor of 145126?
False
Does 165 divide 93382?
False
Is 2 a factor of 92765?
False
Is 113 a factor of 19436?
True
Does 2 divide 83924?
True
Is 1020237 a multiple of 13?
False
Is 123178 a multiple of 308?
False
Is 644878 a multiple of 38?
False
Is 3357088 a multiple of 196?
True
Does 81 divide 34020?
True
Is 5724180 a multiple of 1386?
True
Does 1206 divide 7250472?
True
Does 4 divide 35156?
True
Does 20 divide 585080?
True
Does 59 divide 68087?
False
Does 8 divide 1664746?
False
Is 2244849 a multiple of 60?
False
Is 90 a factor of 300870?
True
Is 18 a factor of 446886?
True
Is 6 a factor of 970536?
True
Is 1076960 a multiple of 508?
True
Does 394 divide 226550?
True
Is 231027 a mu